rt -1465 (base 7) to base 6.
-2414
3444 (base 6) to base 7
2251
What is -827 (base 11) in base 15?
-467
Convert -45025 (base 11) to base 6.
-1222022
14a3 (base 11) to base 9
2572
What is -222440 (base 8) in base 16?
-12520
Convert -77b7 (base 16) to base 14.
-b251
What is -11101010100000 (base 2) in base 10?
-15008
Convert -64b (base 12) to base 13.
-560
What is 11000100 (base 2) in base 4?
3010
1547 (base 8) to base 10
871
-2 (base 16) to base 9
-2
2211341 (base 5) to base 7
216540
2040 (base 15) to base 10
6810
What is -3414 (base 5) in base 7?
-1261
Convert 65b (base 16) to base 9.
2207
Convert 9628 (base 16) to base 14.
1001a
-3772 (base 11) to base 13
-2315
1120022 (base 3) to base 12
7b2
What is 32252 (base 6) in base 12?
2688
What is -205 (base 16) in base 11?
-430
-12942 (base 13) to base 5
-2101110
Convert -511 (base 8) to base 15.
-16e
1827 (base 11) to base 2
100100011000
4045 (base 6) to base 14
47b
What is -14c (base 15) in base 7?
-603
-217236 (base 8) to base 13
-27522
Convert 1217 (base 9) to base 8.
1613
3320 (base 4) to base 11
206
446 (base 10) to base 2
110111110
What is 96b2 (base 12) in base 2?
100000010100110
Convert 24011 (base 8) to base 4.
2200021
What is -1148 (base 14) in base 7?
-11521
What is 30a (base 14) in base 5?
4343
-10071 (base 10) to base 7
-41235
-251 (base 14) to base 5
-3323
Convert 111110001010111 (base 2) to base 14.
b859
2054 (base 13) to base 12
26bb
Convert 1346 (base 9) to base 10.
1014
Convert -e97 (base 15) to base 9.
-4457
101521 (base 6) to base 13
3958
Convert -3c7 (base 13) to base 2.
-1010011110
What is -1e80 (base 16) in base 5?
-222213
Convert -b9 (base 15) to base 3.
-20110
-1742 (base 9) to base 12
-932
What is 11313 (base 7) in base 15?
cd6
What is -3ede (base 15) in base 11?
-a149
-12151 (base 6) to base 10
-1795
What is 108747 (base 9) in base 2?
1111111111010011
What is -17b (base 16) in base 12?
-277
Convert -102201121 (base 3) to base 4.
-2011210
323122 (base 4) to base 2
111011011010
What is 602 (base 8) in base 16?
182
2227 (base 12) to base 11
2922
42324 (base 6) to base 4
1121230
What is 1021221 (base 3) in base 2?
1110101111
1549 (base 11) to base 14
a21
21220022 (base 3) to base 11
4366
Convert 4dc3 (base 14) to base 16.
357f
12313 (base 6) to base 3
2112100
Convert 11212211 (base 3) to base 12.
2087
Convert -202020 (base 4) to base 5.
-32214
What is -121323 (base 5) in base 16?
-11ec
20422 (base 5) to base 16
552
What is 311401 (base 6) in base 5?
1244420
100100010111011 (base 2) to base 8
44273
What is 10011001 (base 2) in base 9?
180
What is 3411 (base 10) in base 7?
12642
Convert -c33 (base 14) to base 8.
-4535
What is 10000100 (base 2) in base 16?
84
What is -3430 (base 5) in base 2?
-111101010
What is -907 (base 10) in base 5?
-12112
Convert -397 (base 14) to base 11.
-5a6
Convert 1220 (base 9) to base 5.
12114
Convert -1010011 (base 2) to base 7.
-146
-320010 (base 4) to base 16
-e04
What is 1a10 (base 13) in base 4?
330330
What is b8c (base 14) in base 6?
14320
What is -2200 (base 6) in base 11?
-419
What is -205 (base 7) in base 6?
-251
What is 4703 (base 9) in base 5?
102421
11230 (base 8) to base 12
2908
-137a (base 11) to base 3
-2102222
What is -24660 (base 7) in base 11?
-4989
What is -5245 (base 7) in base 10?
-1846
What is -2 (base 9) in base 12?
-2
What is -3467 (base 15) in base 2?
-10101101110010
What is 2405 (base 6) in base 10?
581
-344 (base 9) to base 8
-433
What is 75b (base 13) in base 6?
5455
2000013 (base 5) to base 6
400414
Convert 50314 (base 7) to base 5.
342123
Convert 24233 (base 5) to base 4.
130122
-624 (base 7) to base 3
-102120
-9681 (base 14) to base 11
-18583
2043 (base 5) to base 12
1a9
6 (base 12) to base 3
20
1511 (base 9) to base 3
1120101
What is -4525 (base 6) in base 4?
-100211
What is -6dc3 (base 16) in base 9?
-42481
-8626 (base 9) to base 16
-18c6
-11003220 (base 4) to base 5
-1130322
-16b6 (base 16) to base 5
-141224
-3176 (base 9) to base 2
-100100100001
-2a7 (base 11) to base 8
-547
-291 (base 11) to base 7
-666
What is 1067 (base 9) in base 13?
48a
Convert -2002002 (base 4) to base 7.
-33156
61523 (base 7) to base 12
882b
Convert 3014 (base 6) to base 4.
22102
Convert -1e3 (base 15) to base 4.
-12312
-2010 (base 5) to base 8
-377
Convert -22675 (base 11) to base 2.
-111111111110000
2512 (base 11) to base 5
101110
Convert -870a (base 11) to base 12.
-67a9
Convert -13a9 (base 13) to base 14.
-1071
What is -485 (base 10) in base 2?
-111100101
7db6 (base 16) to base 12
1675a
Convert -17d (base 14) to base 3.
-102101
What is 21241 (base 5) in base 9?
1876
What is 7bc (base 13) in base 12?
936
What is -443 (base 10) in base 11?
-373
Convert -9503 (base 10) to base 6.
-111555
What is -1158 (base 13) in base 3?
-10100100
What is -4f1 (base 16) in base 14?
-665
What is -8850 (base 10) in base 11?
-6716
Convert -6311 (base 8) to base 9.
-4436
3661 (base 13) to base 16
1e04
What is 5398 (base 13) in base 10?
11617
-c1 (base 16) to base 14
-db
Convert 200012 (base 3) to base 9.
605
Convert -11130223 (base 4) to base 7.
-122026
Convert -109 (base 10) to base 7.
-214
1113 (base 8) to base 12
40b
What is 5201 (base 15) in base 2?
100001110101110
Convert 10101101000 (base 2) to base 6.
10224
What is -1c6 (base 16) in base 4?
-13012
-13123003 (base 4) to base 6
-352431
Convert 3221 (base 6) to base 16.
2dd
What is 32015 (base 7) in base 6?
100325
Convert -11032022 (base 4) to base 8.
-51612
What is 562e (base 15) in base 7?
104156
-1110010011010010 (base 2) to base 16
-e4d2
What is 5186 (base 12) in base 4?
2022312
What is 1459a (base 11) in base 13?
9549
What is -2212221200 (base 3) in base 16?
-ddfa
What is -5307 (base 8) in base 3?
-10210012
Convert 720 (base 8) to base 2.
111010000
Convert -122 (base 10) to base 14.
-8a
What is 122 (base 16) in base 15?
145
What is 257 (base 15) in base 4?
20110
What is -666 (base 15) in base 14?
-754
What is 42525 (base 7) in base 4?
2210322
What is -334114 (base 5) in base 4?
-2320020
Convert -7506 (base 9) to base 15.
-1979
Convert -309 (base 11) to base 5.
-2442
-5203 (base 8) to base 10
-2691
-3353 (base 7) to base 10
-1214
Convert -7072 (base 9) to base 3.
-21002102
What is -11f2b (base 16) in base 11?
-50262
What is 1023 (base 9) in base 10?
750
What is -1585 (base 14) in base 5?
-110331
Convert -102220102 (base 3) to base 15.
-2888
What is 407 (base 15) in base 8?
1613
Convert 58525 (base 9) to base 12.
1a735
Convert -1261 (base 10) to base 11.
-a47
Convert 213214 (base 5) to base 15.
2274
What is 11100001 (base 2) in base 14?
121
Convert -280 (base 10) to base 15.
-13a
1000000 (base 3) to base 15
339
What is a0 (base 11) in base 15?
75
-2011222001 (base 3) to base 5
-2333420
What is a52 (base 11) in base 14?
667
1233322 (base 5) to base 7
130406
Convert -534 (base 9) to base 8.
-664
21332033 (base 4) to base 12
1b77b
b70 (base 12) to base 14
872
-16d6 (base 14) to base 11
-30a5
What is 251 (base 16) in base 3?
210222
What is 267 (base 11) in base 14?
187
-66b (base 16) to base 5
-23033
What is -103032 (base 8) in base 7?
-202042
-112c (base 16) to base 4
-1010230
What is 127310 (base 8) in base 11?
30687
Convert 9a6 (base 11) to base 8.
2265
What is 2764 (base 8) in base 7?
4305
What is -1027 (base 9) in base 11?
-626
What is 250022 (base 6) in base 3?
1010020112
175001 (base 8) to base 12
31055
889 (base 16) to base 6
14041
Convert 2873 (base 14) to base 13.
3347
What is -7135 (base 10) in base 6?
-53011
Convert -2102303 (base 4) to base 10.
-9395
What is -2838 (base 9) in base 13?
-c89
What is 4b48 (base 12) in base 14?
318c
Convert -399 (base 10) to base 14.
-207
Convert -1213 (base 7) to base 2.
-111000011
-21434 (base 8) to base 2
-10001100011100
2261 (base 13) to base 16
12cb
1040434 (base 5) to base 11
12786
Convert -410a (base 13) to base 11.
-6812
-4017 (base 15) to base 6
-142334
What is -927 (base 10) in base 7?
-2463
Convert -323213 (base 4) to base 11.
-2959
Convert -144 (base 9) to base 2.
-1111001
What is -1001101110010010 (base 2) in base 10?
-39826
Convert -16260 (base 7) to base 2.
-1000111110111
630 (base 8) to base 15
1c3
Convert 11000011110 (base 2) to base 11.
11a4
Convert -11222012 (base 3) to base 11.
-27a4
1705 (base 11) to base 16
887
What is -134102 (base 5) in b